{"id":237,"date":"2017-02-13T19:54:35","date_gmt":"2017-02-13T18:54:35","guid":{"rendered":"https:\/\/rundumwohlfuehlen.ch\/web\/?page_id=237"},"modified":"2025-01-05T12:25:27","modified_gmt":"2025-01-05T11:25:27","slug":"wellness-massagen","status":"publish","type":"page","link":"https:\/\/rundumwohlfuehlen.ch\/web\/wellness-massagen\/","title":{"rendered":"Wellness-Massagen"},"content":{"rendered":"<h3>Ganzk\u00f6rper &#8211; Wellness &#8211; Massage 50 &#8211; 60 Minuten von Fr. 70.- bis Fr. 80.-<\/h3>\n<p><img loading=\"lazy\" decoding=\"async\" class=\"wp-image-306 alignleft\" src=\"https:\/\/rundumwohlfuehlen.ch\/web\/wp-content\/uploads\/2017\/02\/IMG_2535.jpg\" alt=\"\" width=\"305\" height=\"229\" srcset=\"https:\/\/rundumwohlfuehlen.ch\/web\/wp-content\/uploads\/2017\/02\/IMG_2535.jpg 3264w, https:\/\/rundumwohlfuehlen.ch\/web\/wp-content\/uploads\/2017\/02\/IMG_2535-300x225.jpg 300w, https:\/\/rundumwohlfuehlen.ch\/web\/wp-content\/uploads\/2017\/02\/IMG_2535-768x576.jpg 768w, https:\/\/rundumwohlfuehlen.ch\/web\/wp-content\/uploads\/2017\/02\/IMG_2535-1024x768.jpg 1024w\" sizes=\"auto, (max-width: 305px) 100vw, 305px\" \/><br \/>\nGeniessen Sie in einer Wohlf\u00fchl-Atmosph\u00e4re eine Wellness-Massage. Lesen Sie Ihren Lieblingsduft aus und lassen Sie die Seele baumeln.<\/p>\n<p>&nbsp;<\/p>\n<div style=\"clear: both;\">\n<h3>R\u00fcckenmassage 25 Minuten oder sogar 35 Minuten Zeit?<\/h3>\n<h3>von Fr. 40.- bis Fr. 50.-<\/h3>\n<p><img loading=\"lazy\" decoding=\"async\" class=\"wp-image-304 alignleft\" src=\"https:\/\/rundumwohlfuehlen.ch\/web\/wp-content\/uploads\/2017\/02\/15782154_1050994478345423_851244407_n.jpg\" alt=\"\" width=\"299\" height=\"232\" srcset=\"https:\/\/rundumwohlfuehlen.ch\/web\/wp-content\/uploads\/2017\/02\/15782154_1050994478345423_851244407_n.jpg 750w, https:\/\/rundumwohlfuehlen.ch\/web\/wp-content\/uploads\/2017\/02\/15782154_1050994478345423_851244407_n-300x233.jpg 300w\" sizes=\"auto, (max-width: 299px) 100vw, 299px\" \/><br \/>\nEinfach mal kurz dem R\u00fccken etwas Gutes tun?\u00a0Nehmen Sie sich Zeit und g\u00f6nnen Sie sich eine R\u00fcckenmassage.<\/p>\n<\/div>\n<p>&nbsp;<\/p>\n","protected":false},"excerpt":{"rendered":"<p>Ganzk\u00f6rper &#8211; Wellness &#8211; Massage 50 &#8211; 60 Minuten von Fr. 70.- bis Fr. 80.- Geniessen Sie in einer Wohlf\u00fchl-Atmosph\u00e4re eine Wellness-Massage. Lesen Sie Ihren Lieblingsduft aus und lassen Sie die Seele baumeln. &nbsp; R\u00fcckenmassage 25 Minuten oder sogar 35 Minuten Zeit? von Fr. 40.- bis Fr. 50.- Einfach mal kurz dem R\u00fccken etwas Gutes [&hellip;]<\/p>\n","protected":false},"author":2,"featured_media":0,"parent":0,"menu_order":0,"comment_status":"closed","ping_status":"closed","template":"","meta":{"footnotes":""},"class_list":["post-237","page","type-page","status-publish","hentry"],"_links":{"self":[{"href":"https:\/\/rundumwohlfuehlen.ch\/web\/wp-json\/wp\/v2\/pages\/237","targetHints":{"allow":["GET"]}}],"collection":[{"href":"https:\/\/rundumwohlfuehlen.ch\/web\/wp-json\/wp\/v2\/pages"}],"about":[{"href":"https:\/\/rundumwohlfuehlen.ch\/web\/wp-json\/wp\/v2\/types\/page"}],"author":[{"embeddable":true,"href":"https:\/\/rundumwohlfuehlen.ch\/web\/wp-json\/wp\/v2\/users\/2"}],"replies":[{"embeddable":true,"href":"https:\/\/rundumwohlfuehlen.ch\/web\/wp-json\/wp\/v2\/comments?post=237"}],"version-history":[{"count":26,"href":"https:\/\/rundumwohlfuehlen.ch\/web\/wp-json\/wp\/v2\/pages\/237\/revisions"}],"predecessor-version":[{"id":446,"href":"https:\/\/rundumwohlfuehlen.ch\/web\/wp-json\/wp\/v2\/pages\/237\/revisions\/446"}],"wp:attachment":[{"href":"https:\/\/rundumwohlfuehlen.ch\/web\/wp-json\/wp\/v2\/media?parent=237"}],"curies":[{"name":"wp","href":"https:\/\/api.w.org\/{rel}","templated":true}]}}