{"id":214,"date":"2017-02-13T15:40:46","date_gmt":"2017-02-13T14:40:46","guid":{"rendered":"https:\/\/rundumwohlfuehlen.ch\/web\/?page_id=214"},"modified":"2017-02-25T14:03:42","modified_gmt":"2017-02-25T13:03:42","slug":"gutscheine","status":"publish","type":"page","link":"https:\/\/rundumwohlfuehlen.ch\/web\/gutscheine\/","title":{"rendered":"Gutscheine"},"content":{"rendered":"<p>F\u00fcr alle Angebote k\u00f6nnen die Gutscheine bei mir bestellt werden.<\/p>\n<p>Gerne sende ich Ihnen die gew\u00fcnschte Auswahl zu oder sie k\u00f6nnen bei mir abgeholt werden.<\/p>\n<p><img loading=\"lazy\" decoding=\"async\" class=\"alignnone wp-image-223\" src=\"https:\/\/rundumwohlfuehlen.ch\/web\/wp-content\/uploads\/2017\/02\/IMG_5544.jpg\" alt=\"\" width=\"652\" height=\"489\" srcset=\"https:\/\/rundumwohlfuehlen.ch\/web\/wp-content\/uploads\/2017\/02\/IMG_5544.jpg 3264w, https:\/\/rundumwohlfuehlen.ch\/web\/wp-content\/uploads\/2017\/02\/IMG_5544-300x225.jpg 300w, https:\/\/rundumwohlfuehlen.ch\/web\/wp-content\/uploads\/2017\/02\/IMG_5544-768x576.jpg 768w, https:\/\/rundumwohlfuehlen.ch\/web\/wp-content\/uploads\/2017\/02\/IMG_5544-1024x768.jpg 1024w\" sizes=\"auto, (max-width: 652px) 100vw, 652px\" \/><\/p>\n<p>&nbsp;<\/p>\n<p>&nbsp;<\/p>\n","protected":false},"excerpt":{"rendered":"<p>F\u00fcr alle Angebote k\u00f6nnen die Gutscheine bei mir bestellt werden. Gerne sende ich Ihnen die gew\u00fcnschte Auswahl zu oder sie k\u00f6nnen bei mir abgeholt werden. &nbsp; &nbsp;<\/p>\n","protected":false},"author":2,"featured_media":0,"parent":0,"menu_order":0,"comment_status":"closed","ping_status":"closed","template":"","meta":{"footnotes":""},"class_list":["post-214","page","type-page","status-publish","hentry"],"_links":{"self":[{"href":"https:\/\/rundumwohlfuehlen.ch\/web\/wp-json\/wp\/v2\/pages\/214","targetHints":{"allow":["GET"]}}],"collection":[{"href":"https:\/\/rundumwohlfuehlen.ch\/web\/wp-json\/wp\/v2\/pages"}],"about":[{"href":"https:\/\/rundumwohlfuehlen.ch\/web\/wp-json\/wp\/v2\/types\/page"}],"author":[{"embeddable":true,"href":"https:\/\/rundumwohlfuehlen.ch\/web\/wp-json\/wp\/v2\/users\/2"}],"replies":[{"embeddable":true,"href":"https:\/\/rundumwohlfuehlen.ch\/web\/wp-json\/wp\/v2\/comments?post=214"}],"version-history":[{"count":9,"href":"https:\/\/rundumwohlfuehlen.ch\/web\/wp-json\/wp\/v2\/pages\/214\/revisions"}],"predecessor-version":[{"id":318,"href":"https:\/\/rundumwohlfuehlen.ch\/web\/wp-json\/wp\/v2\/pages\/214\/revisions\/318"}],"wp:attachment":[{"href":"https:\/\/rundumwohlfuehlen.ch\/web\/wp-json\/wp\/v2\/media?parent=214"}],"curies":[{"name":"wp","href":"https:\/\/api.w.org\/{rel}","templated":true}]}}